{"id":3696,"date":"2023-03-11T10:33:29","date_gmt":"2023-03-11T09:33:29","guid":{"rendered":"https:\/\/shop.corner.ws\/?page_id=3696"},"modified":"2023-03-11T10:33:29","modified_gmt":"2023-03-11T09:33:29","slug":"informativa_registrazione_app_en","status":"publish","type":"page","link":"https:\/\/shop.corner.ws\/en\/informativa_registrazione_app_en\/","title":{"rendered":"Informativa_registrazione_APP_EN"},"content":{"rendered":"<p><strong>INFORMATIVA ISCRIZIONE IN MATERIA DI PROTEZIONE DEI DATI PERSONALI AI SENSI DELL\u2019ART. 13 REGOLAMENTO (UE) 2016\/679<\/strong><\/p>\n<p>&nbsp;<\/p>\n<p>Ai sensi dell\u2019art. 13 del Regolamento (UE) 2016\/679, Corner s.r.l., con sede in via Brusafiera n. 6, 33170 Pordenone, p.i. 01854770938, PEC <a href=\"mailto:cornerpn@pec.it\">cornerpn@pec.it<\/a>, in qualit\u00e0 di Titolare del trattamento dei dati, informa gli utenti delle modalit\u00e0 di trattamento dei dati personali derivante dalla compilazione derivante dall\u2019inserimento dei propri dati nella sezione \u201cIscriviti\u201d nel sito internet <a href=\"https:\/\/shop.corner.ws\/en\/home\/\">https:\/\/shop.corner.ws\/home\/<\/a> e nell\u2019applicazione Corner Cocktail &amp; Restaurant.<\/p>\n<h1>Titolare del trattamento<\/h1>\n<p>Il titolare del trattamento \u00e8 Corner s.r.l., con sede in via Brusafiera n. 6, 33170 Pordenone, p.i. 01854770938, PEC <a href=\"mailto:cornerpn@pec.it\">cornerpn@pec.it<\/a>.<\/p>\n<h1>Interessati<\/h1>\n<p>Utenti fruitori dei servizi internet interessati all\u2019iscrizione all\u2019area riservata e-commerce nel sito internet <a href=\"https:\/\/shop.corner.ws\/en\/home\/\">https:\/\/shop.corner.ws\/home\/<\/a> e nell\u2019applicazione.<\/p>\n<h1>Registrazione all\u2019area riservata e tipologia di dati trattati<\/h1>\n<p>L\u2019accesso all\u2019area riservata \u00e8 consentito tramite le seguenti modalit\u00e0:<\/p>\n<ul>\n<li>creando un account sull\u2019applicazione, i dati trattati sono dati personali di natura comune (nome, cognome, nome utente e password) e dati di contatto (e-mail e numero telefonico);<\/li>\n<li>mediante l\u2019utilizzo di credenziali fornite da un social network (c.d. Social Login) in particolare identit\u00e0 create con Google, Apple, Facebook. In tale ipotesi, il Titolare del trattamento dovr\u00e0 acquisire i Suoi dati personali di natura comune, quali nome e cognome ed e-mail, in conformit\u00e0 alle autorizzazioni da Lei rilasciate ai social network di riferimento. Il Titolare del trattamento conserver\u00e0 il codice identificativo associato al Suo account presso i servizi di social network di riferimento, nel momento in cui lo si utilizzi per il login.<\/li>\n<\/ul>\n<p>I dati raccolti sono solo quelli strettamente necessari all\u2019assolvimento richiesto, rispettando il titolare il principio di minimizzazione sancito dall\u2019art. 5 GDPR.<\/p>\n<h1>Finalit\u00e0 del trattamento<\/h1>\n<p>I dati personali inseriti nel form di iscrizione, inviati per scelta dell\u2019utente e volontariamente, verranno utilizzati:<\/p>\n<ol>\n<li>per l\u2019accesso da parte dell\u2019utente all\u2019area riservata e all\u2019acquisto dei prodotti;<\/li>\n<li>per la trasmissione di comunicazioni elettroniche per prodotti analoghi e servizi analoghi a quelle offerte dal titolare del trattamento come previsto dall\u2019art. 130 comma 4 Codice Privacy tramite e-mail e messaggistica istantanea;<\/li>\n<\/ol>\n<h1>Base giuridica del trattamento<\/h1>\n<p>La base giuridica del trattamento, per la finalit\u00e0 di cui al punto a), si rinviene nell\u2019art. 6 lett. b) del Reg. Eu. 679\/2016 (esecuzione di misure precontrattuali adottate su richiesta dell\u2019interessato).<\/p>\n<p>La base giuridica del trattamento, per la finalit\u00e0 di cui al punto b), si rinviene nell\u2019art. 6 lett. f) del Reg. Eu. 679\/2016 (il trattamento \u00e8 necessario per il perseguimento del legittimo interesse del titolare del trattamento) e nell\u2019art. 130 comma del Codice Privacy.<\/p>\n<p>La base giuridica del trattamento, per la finalit\u00e0 di cui al punto c), si rinviene nell\u2019art. 6 lett. a) del Reg. Eu. 679\/2016 (l\u2019interessato ha espresso il consenso al trattamento dei propri dati personali).<\/p>\n<h1>Natura del conferimento<\/h1>\n<p>Il conferimento dei dati per le finalit\u00e0 di cui ai punti a) e b) \u00e8 obbligatorio. L\u2019eventuale rifiuto a conferire i dati non comporta conseguenze negative, ma comporta l\u2019impossibilit\u00e0 di conseguire la finalit\u00e0 sopra riportata.<\/p>\n<p>Il conferimento dei dati per la finalit\u00e0 di cui al punto c) \u00e8 facoltativo.<\/p>\n<h1>Modalit\u00e0 del trattamento<\/h1>\n<p>Il trattamento dei dati \u00e8 eseguito attraverso procedure informatiche o comunque mezzi telematici e supporti cartacei ad opera di soggetti, interni o esterni, a ci\u00f2 appositamente incaricati e autorizzati e impegnati alla riservatezza. I dati sono trattati e conservati con strumenti idonei a garantirne la sicurezza, l\u2019integrit\u00e0 e la riservatezza mediante l\u2019adozione di misure di sicurezza adeguate, come previsto dalla normativa vigente.<\/p>\n<h1>Tempi di conservazione<\/h1>\n<p>Per le finalit\u00e0 di cui ai punti a) e b), i dati saranno conservati fino al raggiungimento della finalit\u00e0 e in ogni caso per 5 anni dalla richiesta di cancellazione dell\u2019account.<\/p>\n<p>Per la finalit\u00e0 di cui al punto c), i dati saranno conservati per 2 anni dalla comunicazione del consenso da parte dell\u2019interessati.<\/p>\n<h1>Comunicazione, diffusione, trasferimento<\/h1>\n<p>I dati raccolti non saranno diffusi, venduti o scambiati con soggetti terzi senza il consenso espresso dell\u2019interessato, salvo eventuali comunicazioni a soggetti terzi autorizzati impegnati alla riservatezza o nominati responsabili del trattamento <em>ex<\/em> art. 28 del Regolamento (UE) 2016\/679. L\u2019elenco completo e aggiornato dei responsabili del trattamento \u00e8 reperibile, su richiesta, attraverso le modalit\u00e0 indicate alla presente informativa. I dati potranno essere comunicati alle autorit\u00e0 competenti, secondo i termini di legge.<\/p>\n<p>Non \u00e8 previsto il trasferimento dei dati fuori dall\u2019Unione Europea.<\/p>\n<h1>Diritti degli interessati<\/h1>\n<p>In qualsiasi momento, ai sensi degli artt. 15 e ss. GDPR, gli interessati hanno diritto di accedere ai propri dati personali, di chiederne la rettifica, l\u2019aggiornamento e la relativa cancellazione. \u00c8 altres\u00ec possibile opporsi al trattamento e richiederne la limitazione.<\/p>\n<p>Il Titolare del trattamento ha creato una policy per l\u2019esercizio dei diritti degli interessati consultabile al seguente link: INSERIRE LINK.<\/p>\n<h1>Modalit\u00e0 di esercizio dei diritti degli interessati<\/h1>\n<p>Le richieste possono essere esercitate, previa identificazione dell\u2019interessato, inviando:<\/p>\n<ul>\n<li>una PEC all\u2019indirizzo cornerpn@pec.it;<\/li>\n<li>una Raccomandata A\/R all\u2019indirizzo via Brusafiera n. 6, 33170 Pordenone.<\/li>\n<\/ul>\n<p>Inoltre, nel caso in cui si ritenga che il trattamento sia stato svolto in violazione della normativa sulla protezione dei dati personali, \u00e8 riconosciuto il diritto di presentare reclamo all\u2019Autorit\u00e0 Garante per la protezione dei dati personali, con sede in piazza Venezia n. 11 \u2013 00187\u00a0Roma.<\/p>\n<p>&nbsp;<\/p>\n<p>&nbsp;<\/p>","protected":false},"excerpt":{"rendered":"<p>INFORMATIVA ISCRIZIONE IN MATERIA DI PROTEZIONE DEI DATI PERSONALI AI SENSI DELL\u2019ART. 13 REGOLAMENTO (UE) 2016\/679 &nbsp; Ai sensi dell\u2019art. 13 del Regolamento (UE) 2016\/679, Corner<span class=\"excerpt-hellip\"> [\u2026]<\/span><\/p>\n","protected":false},"author":3,"featured_media":0,"parent":0,"menu_order":0,"comment_status":"closed","ping_status":"closed","template":"","meta":{"_acf_changed":false,"footnotes":""},"class_list":["post-3696","page","type-page","status-publish","hentry"],"acf":[],"jetpack_sharing_enabled":true,"_links":{"self":[{"href":"https:\/\/shop.corner.ws\/en\/wp-json\/wp\/v2\/pages\/3696","targetHints":{"allow":["GET"]}}],"collection":[{"href":"https:\/\/shop.corner.ws\/en\/wp-json\/wp\/v2\/pages"}],"about":[{"href":"https:\/\/shop.corner.ws\/en\/wp-json\/wp\/v2\/types\/page"}],"author":[{"embeddable":true,"href":"https:\/\/shop.corner.ws\/en\/wp-json\/wp\/v2\/users\/3"}],"replies":[{"embeddable":true,"href":"https:\/\/shop.corner.ws\/en\/wp-json\/wp\/v2\/comments?post=3696"}],"version-history":[{"count":1,"href":"https:\/\/shop.corner.ws\/en\/wp-json\/wp\/v2\/pages\/3696\/revisions"}],"predecessor-version":[{"id":3697,"href":"https:\/\/shop.corner.ws\/en\/wp-json\/wp\/v2\/pages\/3696\/revisions\/3697"}],"wp:attachment":[{"href":"https:\/\/shop.corner.ws\/en\/wp-json\/wp\/v2\/media?parent=3696"}],"curies":[{"name":"wp","href":"https:\/\/api.w.org\/{rel}","templated":true}]}}

<p><strong>INFORMATIVA ISCRIZIONE IN MATERIA DI PROTEZIONE DEI DATI PERSONALI AI SENSI DELL’ART. 13 REGOLAMENTO (UE) 2016/679</strong></p>
<p>&nbsp;</p>
<p>Ai sensi dell’art. 13 del Regolamento (UE) 2016/679, Corner s.r.l., con sede in via Brusafiera n. 6, 33170 Pordenone, p.i. 01854770938, PEC <a href="mailto:cornerpn@pec.it">cornerpn@pec.it</a>, in qualità di Titolare del trattamento dei dati, informa gli utenti delle modalità di trattamento dei dati personali derivante dalla compilazione derivante dall’inserimento dei propri dati nella sezione “Iscriviti” nel sito internet <a href="https://shop.corner.ws/en/home/">https://shop.corner.ws/home/</a> e nell’applicazione Corner Cocktail &amp; Restaurant.</p>
<h1>Titolare del trattamento</h1>
<p>Il titolare del trattamento è Corner s.r.l., con sede in via Brusafiera n. 6, 33170 Pordenone, p.i. 01854770938, PEC <a href="mailto:cornerpn@pec.it">cornerpn@pec.it</a>.</p>
<h1>Interessati</h1>
<p>Utenti fruitori dei servizi internet interessati all’iscrizione all’area riservata e-commerce nel sito internet <a href="https://shop.corner.ws/en/home/">https://shop.corner.ws/home/</a> e nell’applicazione.</p>
<h1>Registrazione all’area riservata e tipologia di dati trattati</h1>
<p>L’accesso all’area riservata è consentito tramite le seguenti modalità:</p>
<ul>
<li>creando un account sull’applicazione, i dati trattati sono dati personali di natura comune (nome, cognome, nome utente e password) e dati di contatto (e-mail e numero telefonico);</li>
<li>mediante l’utilizzo di credenziali fornite da un social network (c.d. Social Login) in particolare identità create con Google, Apple, Facebook. In tale ipotesi, il Titolare del trattamento dovrà acquisire i Suoi dati personali di natura comune, quali nome e cognome ed e-mail, in conformità alle autorizzazioni da Lei rilasciate ai social network di riferimento. Il Titolare del trattamento conserverà il codice identificativo associato al Suo account presso i servizi di social network di riferimento, nel momento in cui lo si utilizzi per il login.</li>
</ul>
<p>I dati raccolti sono solo quelli strettamente necessari all’assolvimento richiesto, rispettando il titolare il principio di minimizzazione sancito dall’art. 5 GDPR.</p>
<h1>Finalità del trattamento</h1>
<p>I dati personali inseriti nel form di iscrizione, inviati per scelta dell’utente e volontariamente, verranno utilizzati:</p>
<ol>
<li>per l’accesso da parte dell’utente all’area riservata e all’acquisto dei prodotti;</li>
<li>per la trasmissione di comunicazioni elettroniche per prodotti analoghi e servizi analoghi a quelle offerte dal titolare del trattamento come previsto dall’art. 130 comma 4 Codice Privacy tramite e-mail e messaggistica istantanea;</li>
</ol>
<h1>Base giuridica del trattamento</h1>
<p>La base giuridica del trattamento, per la finalità di cui al punto a), si rinviene nell’art. 6 lett. b) del Reg. Eu. 679/2016 (esecuzione di misure precontrattuali adottate su richiesta dell’interessato).</p>
<p>La base giuridica del trattamento, per la finalità di cui al punto b), si rinviene nell’art. 6 lett. f) del Reg. Eu. 679/2016 (il trattamento è necessario per il perseguimento del legittimo interesse del titolare del trattamento) e nell’art. 130 comma del Codice Privacy.</p>
<p>La base giuridica del trattamento, per la finalità di cui al punto c), si rinviene nell’art. 6 lett. a) del Reg. Eu. 679/2016 (l’interessato ha espresso il consenso al trattamento dei propri dati personali).</p>
<h1>Natura del conferimento</h1>
<p>Il conferimento dei dati per le finalità di cui ai punti a) e b) è obbligatorio. L’eventuale rifiuto a conferire i dati non comporta conseguenze negative, ma comporta l’impossibilità di conseguire la finalità sopra riportata.</p>
<p>Il conferimento dei dati per la finalità di cui al punto c) è facoltativo.</p>
<h1>Modalità del trattamento</h1>
<p>Il trattamento dei dati è eseguito attraverso procedure informatiche o comunque mezzi telematici e supporti cartacei ad opera di soggetti, interni o esterni, a ciò appositamente incaricati e autorizzati e impegnati alla riservatezza. I dati sono trattati e conservati con strumenti idonei a garantirne la sicurezza, l’integrità e la riservatezza mediante l’adozione di misure di sicurezza adeguate, come previsto dalla normativa vigente.</p>
<h1>Tempi di conservazione</h1>
<p>Per le finalità di cui ai punti a) e b), i dati saranno conservati fino al raggiungimento della finalità e in ogni caso per 5 anni dalla richiesta di cancellazione dell’account.</p>
<p>Per la finalità di cui al punto c), i dati saranno conservati per 2 anni dalla comunicazione del consenso da parte dell’interessati.</p>
<h1>Comunicazione, diffusione, trasferimento</h1>
<p>I dati raccolti non saranno diffusi, venduti o scambiati con soggetti terzi senza il consenso espresso dell’interessato, salvo eventuali comunicazioni a soggetti terzi autorizzati impegnati alla riservatezza o nominati responsabili del trattamento <em>ex</em> art. 28 del Regolamento (UE) 2016/679. L’elenco completo e aggiornato dei responsabili del trattamento è reperibile, su richiesta, attraverso le modalità indicate alla presente informativa. I dati potranno essere comunicati alle autorità competenti, secondo i termini di legge.</p>
<p>Non è previsto il trasferimento dei dati fuori dall’Unione Europea.</p>
<h1>Diritti degli interessati</h1>
<p>In qualsiasi momento, ai sensi degli artt. 15 e ss. GDPR, gli interessati hanno diritto di accedere ai propri dati personali, di chiederne la rettifica, l’aggiornamento e la relativa cancellazione. È altresì possibile opporsi al trattamento e richiederne la limitazione.</p>
<p>Il Titolare del trattamento ha creato una policy per l’esercizio dei diritti degli interessati consultabile al seguente link: INSERIRE LINK.</p>
<h1>Modalità di esercizio dei diritti degli interessati</h1>
<p>Le richieste possono essere esercitate, previa identificazione dell’interessato, inviando:</p>
<ul>
<li>una PEC all’indirizzo cornerpn@pec.it;</li>
<li>una Raccomandata A/R all’indirizzo via Brusafiera n. 6, 33170 Pordenone.</li>
</ul>
<p>Inoltre, nel caso in cui si ritenga che il trattamento sia stato svolto in violazione della normativa sulla protezione dei dati personali, è riconosciuto il diritto di presentare reclamo all’Autorità Garante per la protezione dei dati personali, con sede in piazza Venezia n. 11 – 00187 Roma.</p>
<p>&nbsp;</p>
<p>&nbsp;</p>
